= 1254 - -1882. What is the units digit of m?
6
Let c = 46 - 24. Let n be 2/6 + c/6. Suppose -3*b - 5*o + 92 = -39, -n*b - 5*o + 168 = 0. What is the tens digit of b?
3
Suppose 33*y - 32*y = 5*k - 5249, 0 = 2*k + 5*y - 2105. What is the thousands digit of k?
1
Suppose -5*b + 9177 = 3*y, 2*y + 1040 = 2*b - 2634. What is the tens digit of b?
3
Let g(p) = 38*p**2 - 12*p + 36. What is the tens digit of g(4)?
9
Suppose 37*a - 38591 = -4958. What is the units digit of a?
9
Let h be (-80)/(-30)*(-45)/(-4). Suppose 3*v + h = 48. What is the units digit of v?
6
What is the units digit of (-56)/(-6)*315/42?
0
Suppose -4*u = -16, -u = -4*z - 0*u + 1036. What is the units digit of 4/18*-3 - z/(-3)?
6
Let a(z) = 5*z - 3. Let h(u) = 6*u - 4. Let d(v) = 2*a(v) - 3*h(v). Let i be d(4). Let j = 30 + i. What is the units digit of j?
4
Let d = 1415 + -758. What is the units digit of d?
7
Let o(b) = 4*b**2 - 22*b + 21. What is the units digit of o(-10)?
1
Suppose -4*b = 4*f + 116, -58 = 3*b + 5*f + 27. Let c = b + 253. What is the tens digit of c?
2
Suppose 2*r + 4878 = 11*r. Suppose -3*x + 359 = -5*n, -4*x = 3*n - r + 15. What is the hundreds digit of x?
1
Let h(g) be the second derivative of 23*g**5/20 + g**3/3 - g**2/2 + g. Suppose 3*t - 3 = -n + 2*t, -4*t + 4 = -4*n. What is the tens digit of h(n)?
2
Let p(x) be the second derivative of x**4/12 - x**2/2 + x. Let w be p(2). Suppose w*n - 3 = 2*n. What is the units digit of n?
3
Let t = 1064 + -406. What is the hundreds digit of t?
6
Suppose 0 = 4*z - 5*z - k - 4, k + 10 = -3*z. Let m(j) = -12*j - 3. What is the tens digit of m(z)?
3
Suppose 7*i - 4*i - 18 = 0. Suppose 0 = -i*u - 8*u + 1694. What is the tens digit of u?
2
What is the tens digit of 9/(-36) - 4596/(-16)?
8
Suppose -3*g = -12*t + 10*t + 2293, -2*t - 5*g = -2301. What is the tens digit of t?
4
Let n = 69 - -319. What is the tens digit of n?
8
Suppose 389 = -13*j + 14*j + 3*g, -g = 3*j - 1183. What is the units digit of j?
5
What is the tens digit of (-1)/8 + (-1138523)/(-472)?
1
Let g = 23 - 20. Suppose -g*h = -5*a + 9, 0 = -2*a - 0 + 6. Suppose -c - h*k + 19 = 7, 5*c - 100 = -2*k. What is the tens digit of c?
2
Let h(f) = f**2 + 15*f - 8. Let n be h(-11). What is the units digit of -1 - 2 - (n + -1)?
0
Let j = 300 + -96. What is the hundreds digit of j?
2
Let x(j) = 478*j**2 - 14*j - 7. What is the tens digit of x(2)?
7
Suppose -2*i + z = 40, 12 = 4*i - 5*z + 80. Let f = 12 + i. What is the tens digit of (-4)/f - 2178/(-30)?
7
Let k = -9 - -12. Suppose 6*q - 123 = k*q. Suppose 0 = 5*s + 3*a - q, 0*s - s = 4*a + 2. What is the units digit of s?
0
Let v = 55 + -22. Let q = v - 0. What is the units digit of q?
3
Let o(b) be the second derivative of 0 + 0*b**3 - 3/2*b**2 + 1/4*b**4 - 2*b. What is the tens digit of o(-3)?
2
Let f be -2*(-2)/6*(7 - 10). Let w(k) = k**2 - k + 3. Let r(o) = -2*o**2 + 3*o - 7. Let c(b) = 2*r(b) + 5*w(b). What is the units digit of c(f)?
3
Suppose 0*m = 4*m + 12. Let t be (-27)/(4/8*m). Suppose -15 = -3*q + t. What is the tens digit of q?
1
Let f = -43 + 45. Let g(q) = 27*q - 3. What is the tens digit of g(f)?
5
Let d = -28 + 18. Let c be ((-10)/4)/(-1)*d. What is the tens digit of 3/(60/(-8))*c?
1
Let f = -1543 - -2281. What is the units digit of f?
8
Let q = -109 + 61. Let m be 63/(9/3)*-1. Let d = m - q. What is the units digit of d?
7
Suppose 0 = -3*z + 2*i - 2, -4*z + i - 1 = -0*z. Suppose z = -k - 0*k. Suppose 6*f - 4*f - 12 = k. What is the units digit of f?
6
Let z = 6345 - 3685. What is the tens digit of z?
6
Suppose 0 = 37*p - 39*p + 950. What is the units digit of p?
5
Let r(u) = 3*u**2 - 3. What is the tens digit of r(-5)?
7
Let v(i) = i**3 - 3*i**2 + 4*i - 10. Suppose -5*c + 24 = s, 3*s + 2*s - 24 = -c. Let a be v(c). Let f = -18 + a. What is the units digit of f?
4
Suppose 34 = -3*f + 226. Let g = f + 16. What is the tens digit of g?
8
Suppose -k + 5475 = 4*i, -2*i + 5*k + 3759 - 994 = 0. What is the thousands digit of i?
1
Let u be 3/(10/(-8) - -2). Suppose -11*w = -16*w + 4*g + 1700, 1324 = 4*w + u*g. What is the tens digit of w?
3
Let p = -50 + 179. What is the tens digit of p?
2
Let g be (-2)/(-7) + (92/(-28) - -3). Suppose g = -3*c - 11 + 38. What is the units digit of c?
9
Suppose 6*s + 23287 = 17*s. What is the hundreds digit of s?
1
Suppose 0*c = c - 2*w - 3, -2*c + 5*w = -6. Suppose 4 = c*l - 11. What is the units digit of ((-8)/l)/((-18)/45)?
4
Suppose 4*h = 5*g - 54, 11*h - 25 = -3*g + 6*h. Suppose g*v = 6*v + 428. What is the tens digit of v?
0
Let d = -4 - 7. Let m(h) = -h**3 - 11*h**2 - 8*h - 12. What is the units digit of m(d)?
6
Let u(p) = p**3 - 4 - 3*p + 1 - 107*p**2 + 104*p**2. Suppose 3 = -b + 7. What is the units digit of u(b)?
1
Let w be 8 - 0 - (-2 - 0). Suppose -q = 2*j - 400, 43*q - 47*q - j + 1628 = 0. What is the tens digit of q/w - 1/(-5)?
4
Let p = -1299 + 3904. What is the thousands digit of p?
2
Let b(h) = -4*h**3 + 14*h**2 + 15*h + 9. Let j(d) = -9*d**3 + 2 + 8*d**3 - 1. Let q(a) = -b(a) + 5*j(a). What is the tens digit of q(-13)?
2
Let p(s) = -3*s + 18. Let j be p(6). Suppose 7*z - 6*z - 70 = j. What is the units digit of z?
0
Suppose 3*l - 4 = 4*a - 1, -4 = -3*a + l. Suppose 8*v - 710 = a*v. What is the units digit of v?
2
Let s(a) = -5*a**2 + 13*a + 12. Let d(j) = -j**2 + j + 1. Let m(k) = 6*d(k) - s(k). Let g be m(-5). Suppose g - 28 = -2*u. What is the units digit of u?
2
Let z = -7 - -10. Let w(u) = -2*u**2 - 2*u + 4 + 4*u - z*u + u**2. What is the units digit of w(0)?
4
Suppose 2*b + 2*b - 4*k = 24, 5*b = -5*k + 50. Suppose 5*q = 7 + b. Suppose 2*p + 88 = 5*z + q*p, -4*z + p = -74. What is the tens digit of z?
1
Let f(c) = 13*c - 6. Suppose 3*d + 4 + 8 = 0. Let z be f(d). Let w = 99 + z. What is the tens digit of w?
4
Let u(y) be the third derivative of 1/12*y**5 - 5*y**2 + 0 - 1/6*y**3 - 1/6*y**4 + 0*y + 1/30*y**6. What is the tens digit of u(2)?
4
Let v = -5 - -8. Suppose -9 = -v*r, 0*p + 1 = 2*p - 3*r. Suppose -p*k + 80 = -k. What is the tens digit of k?
2
Suppose 2*m - 103 + 11 = 0. Suppose -266 - m = -4*b. Suppose -3*r = 4*i - 170, -r + 2*r - b = 4*i. What is the units digit of r?
2
Let m be (-2)/6 + 26/6. Suppose 4*b + m - 12 = 0. Suppose b*j = -j + 54. What is the tens digit of j?
1
Let t(g) = -g**2 + 10*g + 17. Let b = -1 + -28. Let u = b - -39. What is the tens digit of t(u)?
1
Let a(s) = -24*s - 2 - 10 + 5 + 4. What is the units digit of a(-3)?
9
Suppose -l - 2*l = 0. What is the units digit of (-1 - l)*(5 + -106)?
1
Let k(n) = -37*n - 80. What is the units digit of k(-10)?
0
Suppose -y + 437 + 37 = 0. Let g = y - 236. What is the hundreds digit of g?
2
Suppose 2*f + 84 = 4*f. Let a(t) = 2*t + 15. Let c be a(7). Let b = f - c. What is the tens digit of b?
1
Suppose 5*l - 252 - 218 = 0. Suppose -5*k - v + l = 0, 2*k - 2*v - 46 = -k. What is the units digit of k?
8
Suppose -2*z = -10, 0*k + 5*k - 10 = 2*z. Suppose f + k*d = -14, 4*f - 5*d - 12 - 16 = 0. Suppose 2*h + f*h = 0, -2*h = -3*n + 39. What is the units digit of n?
3
Let l(u) be the second derivative of u**4/6 - u**3/3 + 5*u**2/2 - 9*u. What is the tens digit of l(-4)?
4
Suppose -3*u + 3*b + 0*b + 1155 = 0, -1522 = -4*u - 2*b. What is the units digit of u?
2
Let n = 3263 + -1174. What is the thousands digit of n?
2
Let l = 12 + -72. Let i = l - -196. What is the tens digit of i?
3
Suppose -198*h - 2235 = -203*h. What is the hundreds digit of h?
4
Suppose m - 7 = -n + 2*m, 3*n = m + 15. Suppose n*y = 2*t + 20, -2*t = -4*y - t + 22. What is the units digit of y*(2 + -3 - -2)?
6
Suppose -2*k + 2 = 0, -5*o = -0*k + 2*k - 52. What is the units digit of (345/o)/((-2)/(-4))?
9
Let d = -3369 + 6624. What is the units digit of d?
5
Let b = -41 + 65. Suppose -b = -4*k + r - 2*r, -5*k + 3*r + 13 = 0. Suppose -5*o - k*i - 2 + 67 = 0, o = i + 23. What is the tens digit of o?
1
Let m(i) = -i - 3. Let v be -6 - (3/(-3) - -2). What is the units digit of m(v)?
4
Let p = -1763 + 2228. What is the units digit of p?
5
Let m(s) = -4*s**2 - s - 2. Suppose 4*b - 2 = -2*f, b - 14 = 5*f + 3. Let t be m(b). What is the tens digit of 0/3 + (3 - t)?
2
Let b be (-1)/(-5) + (-2)/10. Suppose b*n - 102 = -u - 3*n, 290 = 3*u + 5*n. Suppose -5*x + u = 4*k, -4*x - x = 3*k - 65. What is the units digit of k?
5
Let p(l) = -l**2 + 4*l + 7